.
16
Let x(n) = -73*n - 131. Let a be x(-7). Let f = 123 - 104. Calculate the highest common factor of f and a.
19
Let p(q) = q**2 - 19*q - 51. Let y be p(22). Suppose 37 = 4*l - y. Calculate the greatest common divisor of 26 and l.
13
Let y(u) = 6*u**2 + u. Let b be y(-1). Suppose -4*q + 80 + 31 = j, 360 = 4*j - b*q. What is the greatest common divisor of j and 19?
19
Let c(x) = x**2 - 3*x - 6. Suppose 24 = -7*q - 11. Let t be c(q). Calculate the greatest common divisor of t and 85.
17
Let y be (6 - (-10 + 11 - 2)) + 2086/1. Calculate the highest common factor of y and 14.
7
Let q(g) = 31*g**3 - 5*g + 7. Let f be q(2). Let y(p) = p**3 + 9*p**2 - 17*p - 38. Let s be y(-5). What is the greatest common factor of f and s?
49
Suppose 122*b = -338*b + 2672600. What is the highest common factor of b and 630?
70
Let a be (-4 + 0 - 527/(-31))*97. What is the highest common factor of a and 52?
13
Let p = -99 + 220. Let y be ((-3)/(-30) - (-1353)/110) + 18/(1260/(-98)). What is the greatest common factor of p and y?
11
Suppose 0 = -0*d - 5*d + 3*w + 10, -6 = -3*d + 3*w. Let i be 1/(11 - d) - 3022/(-18). What is the greatest common divisor of 224 and i?
56
Let b(g) = g**3 - 12*g**2 - 338*g + 244. Let f be b(26). What is the greatest common divisor of f and 6210?
230
Let u(s) = 11*s**2 + 4*s + 32. Let p = -746 - -738. Let g be u(p). What is the greatest common factor of g and 22?
22
Suppose -8*p + 6*p + 496 = 0. Suppose -t + 149 = -3*d + 176, 0 = 2*t + 6. Calculate the highest common factor of p and d.
8
Let j = 29001 + -16691. Let y be 4/14 + j/35. Suppose y = 27*x - 25*x. Calculate the highest common divisor of 16 and x.
16
Let l = 2110 + -2046. Calculate the highest common divisor of 3008 and l.
64
Suppose 2*p = -5*k - 14 + 185, 5*p + 4*k = 436. What is the highest common divisor of p and 143?
11
Let h = 219 + -220. Let z be (-3592)/(-24) + 4/3 + h. Let l = -11 - -26. Calculate the highest common factor of z and l.
15
Let g(i) = -i**3 + 28*i**2 + 10*i - 66. Let n be g(28). Let l = n - 201. What is the greatest common factor of 39 and l?
13
Let i be (-74)/(-9) + (-4)/18. Let z = -604 + 681. Let j be 22/z - 48/(-28). What is the highest common divisor of j and i?
2
Suppose -5*r + 44 = f, 5*r = -6 + 21. Suppose 5*x - f = 26. Calculate the highest common divisor of x and 297.
11
Let l = -14887 - -15352. What is the greatest common factor of l and 3875?
155
Let t = 1194 - 1064. What is the highest common divisor of t and 2015?
65
Let r = -31 + 57. Let w be (6 - (3 - 3)) + -2. Suppose -5*c + 135 - 385 = -w*f, 0 = -2*f + c + 128. What is the highest common factor of r and f?
13
Let m(y) = -95*y + 1307. Let t be m(13). Calculate the greatest common divisor of t and 52.
4
Let y be 72/27*6/4. Let g(w) = w**3 - 4*w**2 + 2*w + 8. Let f be g(y). Suppose 7*m - 2*m = 20. Calculate the greatest common factor of m and f.
4
Let b = -1087 - -1255. Calculate the greatest common divisor of b and 114.
6
Let y be 3 + ((-456)/36)/(2/(-141)). Calculate the greatest common factor of 140 and y.
28
Let p be 32/(-336)*12 + (-464)/(-14). Let j(a) = -9*a**3 + 2*a**2 + 3*a - 2. Let t be j(-2). Calculate the highest common divisor of t and p.
8
Suppose -3*z + 2*n + 11 = 0, 7*z - 4*z - 21 = -3*n. Suppose 7 = 2*w - z*i, 0 = 5*i + 2 + 3. What is the greatest common divisor of 3 and w?
1
Suppose a - 25*y + 24*y = 200, 604 = 3*a - 2*y. Let s = -173 + a. What is the greatest common factor of 31 and s?
31
Let u = -22 - -27. Suppose 0 = 5*n + 2*r + 30, 0 = -4*n + 2*n + u*r + 17. Let c be (n + (-140)/(-25))/(2/5). What is the highest common divisor of 32 and c?
4
Let f(c) = -c**3 - 6*c**2 - 6*c + 2. Suppose 2*p + 12 = -2*j + p, 0 = -4*j + 3*p - 14. Let h be f(j). Calculate the greatest common factor of 77 and h.
7
Let p(g) = 5*g**2 - 6*g - 3. Let n(y) = 104*y**2 - 128*y - 64. Let s(b) = -3*n(b) + 64*p(b). Let u be s(-1). What is the greatest common divisor of 40 and u?
8
Let h(x) = 2*x + 5. Let i be h(6). Let r be (580/28)/(-29) + 20860/49. What is the highest common divisor of r and i?
17
Suppose -4*p + 3*d + 9 = -11, -2*p - d = 0. Suppose 4*j - 104 = -p*i + 5*j, i + 3*j = 66. Let o = -24 + i. What is the highest common divisor of o and 6?
6
Let u(f) = -28*f**2 - 1315*f - 31. Let z be u(-45). Calculate the greatest common divisor of z and 572.
52
Let j = -925 + 995. Let d = 19 + 11. What is the highest common divisor of d and j?
10
Let p be 129 + ((-1)/(-3))/(456/36 - 13). What is the greatest common divisor of 5568 and p?
64
Let q = 10889 + -10681. Calculate the highest common divisor of 56992 and q.
208
Suppose 0 = -p + 5*p - 8. Suppose x + p*h = 0, 3*x + 3*h = 5*x. Suppose 0*n - 3*f = 3*n - 87, 2*f - 10 = x. What is the highest common factor of 60 and n?
12
Let j = 149 + -146. Let g be ((6 - j)/(-9))/((-1)/9). Let r = -50 - -74. What is the highest common divisor of g and r?
3
Let b = -458 - -378. Let k be (-5 + b/(-15))*366. Calculate the greatest common factor of k and 305.
61
Suppose 27*q - 51253 = 63659. What is the highest common factor of 38 and q?
38
Let i be (-820)/1312 + 16957/8. What is the highest common factor of 221 and i?
13
Let t be ((-4)/6 - (-826)/24) + 1734/(-2312). Calculate the highest common divisor of 2453 and t.
11
Let b be (-5)/50 - 3/10*-487. Suppose -3*p + 466 = 5*n, 0 = p + 5*n - n - 146. Let g = p - b. Calculate the greatest common factor of 12 and g.
4
Let h = 42 + -38. Suppose s - 5*s + 4*y - 52 = 0, 47 = -5*s - h*y. Let m(f) = -4*f - 32. Let b be m(s). Calculate the highest common factor of b and 8.
4
Suppose 129457 + 19868 = 11*p. Calculate the greatest common divisor of 181 and p.
181
Let g be 10119/6 - 6/12. Suppose 4*p - 19 - 1 = 0, -3*p - g = -3*m. What is the highest common factor of m and 9?
9
Let b(q) = 2*q**2 - 18*q + 60. Let o be (-9)/((-72)/(-20))*-6. Let u be b(o). Calculate the greatest common divisor of u and 180.
60
Suppose -2*r + 30 = 5*y, y = 5*r + 3*y - 33. Suppose a = s - 2, -s + r*a = -5*s + 35. Suppose s*v - 9 = 26. Calculate the greatest common factor of 2 and v.
1
Let r = 134 - 148. Let n(t) = -10*t + 90. Let o be n(r). Calculate the greatest common factor of o and 46.
46
Let f = 571 + -495. Let o be (-444)/(-114) + 8/f. Suppose 2 + 6 = 2*n. What is the greatest common factor of o and n?
4
Let u = 2 - -2. Suppose 283*l - 2 = 282*l + 1. Suppose -5*y + u*g + 63 = 0, -4*y - g + l*g = -54. What is the greatest common divisor of 30 and y?
15
Let z(x) = -x - 12. Let s be z(6). Let t be (-24)/s + (-1827)/(-27). What is the highest common factor of 3 and t?
3
Let l = -1176 - -1816. What is the highest common factor of l and 10?
10
Suppose -14*m - 717876 = -118*m - 103*m. Calculate the highest common divisor of 12 and m.
12
Suppose 10 = 5*u - 3*l - 125, -5*u + l = -145. What is the greatest common divisor of u and 9470?
10
Let r(c) = 111*c - 28. Let m(u) = 55*u - 13. Let f(n) = 5*m(n) - 2*r(n). Let d be f(3). Calculate the highest common factor of d and 6.
6
Let j be ((-2)/(-5))/((-6)/(-150)). Suppose 12*v + 2*z - 64 = j*v, 34 = v + 2*z. Let s = 90 + -50. Calculate the greatest common factor of v and s.
10
Suppose 0 = 237*k - 182*k - 29228 + 5028. Calculate the greatest common divisor of 1265 and k.
55
Suppose 43 + 89 = 255*f - 189*f. Let d = 7 - -39. What is the highest common divisor of f and d?
2
Suppose -2*u = -4*q - 380, -5*q - 9*u + 7*u = 457. Let a be (q/(-6) - 8)*10. Calculate the highest common factor of 825 and a.
75
Let q = -5056 + 5176. Calculate the highest common divisor of q and 16800.
120
Let c be ((-19)/(-19))/(1/11). Let a(u) = u**2 + 19*u - 71. Let l be a(c). What is the greatest common divisor of l and 74?
37
Let k = -31 + 51. Suppose 12 = -3*u, 2*o - 4 = 2*u + 12. Calculate the highest common divisor of k and o.
4
Let f = -36 + 40. Suppose 3*i + f = 97. What is the highest common factor of i and 341?
31
Let b be (-55)/(-22)*(-2256)/(-10). Let o be b/14 + 62/(-217). What is the greatest common factor of 200 and o?
40
Suppose 3*x - 4*z - 96 + 16 = 0, 0 = -5*x - 2*z + 116. Let b(r) = -5 + 4 - 2 - r + 6*r. Let c be b(3). What is the highest common factor of x and c?
12
Let x = 19973 + -17901. Calculate the highest common divisor of x and 896.
56
Suppose -17*n = -0*n - 2992. Calculate the greatest common factor of n and 242.